t*l + 203. Calculate the highest common factor of l and 396.
36
Let h(x) be the first derivative of 1/3*x**3 - 16*x + 3*x**2 - 9. Let z be h(-12). What is the highest common factor of 7 and z?
7
Let t(w) = -w**2 - 3. Let m be t(0). Let y(p) = p**3 - 404 - 406 + 812 + 3*p**2. Let s be y(m). Calculate the highest common factor of 8 and s.
2
Let f = -5601 - -5629. What is the greatest common divisor of 5768 and f?
28
Let p be -4 + 1 + (17 - -79) - 4. Calculate the highest common factor of 5518 and p.
89
Suppose 3*b - 8*p + 6*p = 1, 5*b + 5*p = 35. Suppose b*i - 4*v = 17, -52*v + 50*v + 2 = 0. Calculate the greatest common factor of 119 and i.
7
Suppose -3*v = -6*v + 36. Let h be (-20 + 0 - (-1 + -1))*-3. Calculate the greatest common factor of h and v.
6
Let w = 224 - -5431. What is the highest common divisor of 78 and w?
39
Let c(y) = -y**3 - 3*y**2 + 18*y + 4. Let l be c(-8). Let w(v) = v**3 + 23*v**2 + 55*v + 8. Let g be w(-20). What is the highest common divisor of g and l?
36
Suppose 15 = -o + 5*k, 3*k + 13 = 7*o - 2*o. Suppose -2*u + o = -3. What is the highest common divisor of 7 and u?
1
Suppose 0 = 20*g - 64996 - 1744. What is the highest common factor of g and 47?
47
Suppose 15*h = -3 + 18. Let g be (-6)/(3 - (6 - h)). Suppose -2*b + 264 = -3*f, g*b = 3*f - 6*f + 411. Calculate the greatest common factor of b and 27.
27
Let m(b) be the first derivative of -5*b**2 - 10*b + 9. Let j = 24 - 26. Let t be m(j). What is the highest common divisor of 130 and t?
10
Suppose 217 - 107 = 10*s. Let r be 5*(-164)/(-20) + s. Let x be 4*((-122)/(-8) + 1). What is the highest common divisor of r and x?
13
Let g = 28 - 26. Let h be (0 + g)/((0 - -2)/(-1)). Let y be (-6*7 - 18/(-9))/h. What is the highest common divisor of 5 and y?
5
Suppose l - 92 = -3*l. Let s = -105 - -108. Suppose 183 = s*a - 162. What is the highest common divisor of a and l?
23
Let x(w) = w**3 - 67*w**2 - 58*w - 679. Let g be x(68). Let v be ((-1)/2)/((-5)/90). Let c = v + 0. What is the greatest common divisor of c and g?
1
Suppose 0 = -158*o + 359824 - 93040 + 171508. What is the greatest common factor of o and 152?
38
Let k = 4765 + -4762. What is the highest common factor of k and 149?
1
Suppose -25*q + 3*q + 330 + 792 = 0. Calculate the highest common divisor of 18003 and q.
51
Let x be (-10)/6 + (-63400)/(-600). Let b = -29 - -42. Suppose -5*v + 4*z - b = -58, -3*z = -3*v + 24. Calculate the highest common factor of v and x.
13
Suppose 3 = l + 2*l. Let u be l/(2/6) + 33. Let f be 1298/4 - 1/(-18)*-9. What is the greatest common divisor of f and u?
36
Let j be (-3 - -2) + 4*-1 - (-25224)/6. What is the greatest common factor of j and 34?
17
Suppose -q + 3*q - 3*n - 35 = 0, q - 5 = -n. Let s be (5 + 1 - 5)/((-1)/(-5)). Suppose -s*z + 304 = -96. Calculate the highest common divisor of z and q.
10
Let s be (8/(-6))/(42/(-756)). Let o be (-15484)/(-35) - (-4)/(-10). Let n = o - 178. Calculate the greatest common divisor of s and n.
24
Let s = -714 + 718. Suppose 5*j - 2*t = 3*t + 45, -4*t = s. What is the highest common factor of j and 8?
8
Suppose 13*k - 155 = 9*k - 3*v, -3*v = -4*k + 149. Suppose 3*b - 4*x - k = 0, 7 = 2*b + 20*x - 19*x. Calculate the greatest common factor of 33 and b.
3
Suppose 0 = 5*v + 30, -1943*f = -1944*f + 5*v + 732. What is the greatest common divisor of f and 130?
26
Let m(g) = -g**2 - 28*g + 3. Let n be m(-28). Suppose n*l - 255 = -2*s, 15 = 2*l - 5*l. Calculate the highest common divisor of 90 and s.
45
Let w(x) be the third derivative of -x**4/6 + 3*x**3/2 - 40*x**2 - x. Let o be w(-6). Calculate the greatest common factor of 88 and o.
11
Let m(y) = -6*y**3 - 2 - y + 3 + 5*y**3 + 12*y**2 - 11. Let n be m(5). Suppose -20 = -9*x + 8*x. Calculate the greatest common factor of x and n.
20
Let f = 9 + 13. Suppose 0 = -5*g + 436 + 54. Suppose -9*c = -298 - g. Calculate the highest common factor of c and f.
22
Let x = -1669 + 1689. What is the greatest common factor of 128 and x?
4
Suppose -4*n + 0*n + 30 = -2*v, 0 = 4*n + 5*v + 5. Suppose 0 = -p + n*p - 64. Suppose 14*x + 880 = 19*x. What is the highest common divisor of x and p?
16
Let y be 3/(-2)*(-36 - -2). Suppose 0 = -179888*z + 179770*z + 22066. Calculate the greatest common factor of z and y.
17
Suppose -110 = -20*o + 50. What is the highest common factor of 1096 and o?
8
Let x(j) = -3*j + 50. Let c be x(16). Let v(u) = 3*u**2 + 8*u - 11. Let o be v(c). Suppose 21*t = o*t + 60. What is the greatest common factor of 165 and t?
15
Suppose 4*h + 130 = 3*t + 2*h, 5*h + 39 = t. Suppose -10*r + 150 = -12*r. Let v be r/(-20) + (-2)/(-8). Calculate the greatest common divisor of v and t.
4
Let t(p) be the second derivative of -p**3/6 - 5*p**2/2 + 2*p. Let v = 50 - 57. Let c be t(v). Calculate the greatest common divisor of 1 and c.
1
Suppose -8*n + 17 = -7*n. Let q(h) = h**2 - h - 17. Let t be q(n). Let b = t + -151. Calculate the greatest common factor of 13 and b.
13
Suppose 5*u + 459 = 4*l, -u = 3*l - 169 - 180. Let i = -83 + l. What is the greatest common divisor of i and 99?
33
Let b = -121 + 129. Let i be (-6)/b - 1172/16. Let d = i - -83. What is the greatest common divisor of d and 99?
9
Suppose 2*a - 244 = -82. Suppose -4*p + 19 = 3. Suppose -p*j = 60 - 168. Calculate the highest common divisor of a and j.
27
Suppose 3*i - 21 = 0, 96*b + 377 = 98*b - i. What is the highest common factor of b and 400?
16
Let r be 3 - 2*(-3)/(-6). Suppose 4*i - 216 = r*i. Let h = 31858 - 31846. Calculate the highest common divisor of h and i.
12
Let f be (-1)/(70284/35148 + -2). Calculate the greatest common divisor of f and 101.
101
Suppose 27 = z + 20. Suppose 249 = -z*h + 1145. Calculate the greatest common factor of h and 192.
64
Let o(x) = x**2 + 34*x + 327. Let p be o(-40). Suppose 0 = -a - 4*m + 83, 3*m - 247 = -4*a + 4*m. Calculate the greatest common divisor of a and p.
63
Let g be 12 - (1 + 13 + -13). Let t = -333 - -509. Calculate the greatest common factor of g and t.
11
Let y be 4/(-22) - ((-1806)/(-231) - 13). Let p = 72 - 17. What is the highest common factor of p and y?
5
Let j = 4174 - 2427. Suppose -j = -10*t + 73. Calculate the highest common factor of 13 and t.
13
Suppose 5*r + 419 = 5*l + 1524, -3*l - 12 = 0. Let v = r + -209. Let h be -2 + (20 - -1)*2. What is the highest common divisor of v and h?
8
Let r(u) = 4*u**2 - 2*u - 49. Let i(c) = -5*c**2 + 3*c + 48. Let o(a) = 2*i(a) + 3*r(a). Let p be o(8). What is the highest common factor of 66 and p?
11
Let z = -66 - -114. Let h = -26 - -158. What is the highest common factor of h and z?
12
Suppose 0 = -25*s + 3173 - 773. Calculate the highest common factor of 282 and s.
6
Let l(s) = 6*s**2 + 51*s + 49. Let m be l(-1). Calculate the greatest common divisor of 5184 and m.
4
Let s be 12/(35/20 - 1). Let x = 292 + s. Suppose -7*l + 56 = -x. Calculate the highest common divisor of 4 and l.
4
Let s be ((-2466)/(-123) - 20) + 1861970/82. What is the highest common divisor of s and 27?
27
Let y(z) = -2*z**3 + 27*z**2 - 30*z + 95. Let h be y(11). What is the highest common factor of h and 5513?
37
Suppose 212 - 38 = y. Let v = 125849 - 125791. What is the highest common factor of v and y?
58
Let v(n) = 2*n**2 - n. Let b = 13 + -12. Let i be v(b). Suppose 0*q - i = 3*c + 5*q, 5*c - 25 = 5*q. What is the highest common divisor of 21 and c?
3
Let c = -1796 + 1816. What is the greatest common factor of c and 164?
4
Let m be -66 + 67 + (-33)/(-3). Calculate the highest common divisor of m and 11328.
12
Let p = 169 - 162. Let v = 27 + p. Calculate the highest common factor of 238 and v.
34
Let f be (-2 + -4289)/((5 - -6)/(-22)). Calculate the greatest common divisor of f and 14.
14
Suppose 17*q + 221 = -0*q. Let p be (-4)/8*(q - 3/3). What is the greatest common divisor of p and 21?
7
Suppose 10*x + 220 = 5*o + 13*x, -4*o + 2*x = -198. Suppose o*m = 46*m + 2*s + 221, s = 5. What is the highest common divisor of m and 21?
21
Let g = 6624 - 6608. What is the greatest common divisor of 672 and g?
16
Suppose -3*w + 5*t + 189 = 0, -9*t + 8*t = 0. What is the greatest common divisor of w and 399?
21
Suppose -11*v - 4*p - 220 = -13*v, 5*v = 5*p + 590. Calculate the greatest common factor of 5 and v.
1
Let l = 2 - -50. Let y = l - 21. Let w be 575*1/2 + y/62. Calc